1
In base 3, what is 110022 + -1012201201?
-1012021102
In base 13, what is 5 + 7c535b6?
7c535bb
In base 5, what is -1010 + -4030?
-10040
In base 12, what is -2534 - -25619?
230a5
In base 3, what is 100002211212010221 - -1?
100002211212010222
In base 16, what is -712d50 - -5?
-712d4b
In base 5, what is -2404 + 132414413?
132412004
In base 15, what is -11 - 1c4740?
-1c4751
In base 14, what is 73a + -3d1d?
-35c3
In base 3, what is 1002020102 - -1111220?
1010202022
In base 3, what is 11220002202 - -2122?
11220012101
In base 2, what is -10111001 - 11000010011100?
-11000101010101
In base 15, what is 8 - -34094d?
340956
In base 10, what is 13 + 76603?
76616
In base 15, what is c114 + -7?
c10c
In base 4, what is 1221021102 - -1?
1221021103
In base 15, what is 1c2 + 6ee20?
700e2
In base 9, what is -404 + -41666?
-42171
In base 3, what is 1022212 - -212121?
2012110
In base 13, what is -47921 - -110?
-47811
In base 7, what is 42 - -10203601?
10203643
In base 8, what is 27 + -10744273?
-10744244
In base 14, what is -d16c38 - -4?
-d16c34
In base 9, what is 1041 - -252324?
253365
In base 5, what is -110414 + -101144?
-212113
In base 10, what is 963456 - 1?
963455
In base 5, what is -1312 - -1031003?
1024141
In base 2, what is -101 - 1101101001010001110101000?
-1101101001010001110101101
In base 2, what is 10 - 1100011010001001101110100?
-1100011010001001101110010
In base 5, what is -21232 + 144404023?
144332241
In base 14, what is 803d + -17c5?
6658
In base 16, what is -3 - -f1a86d9?
f1a86d6
In base 16, what is 50 - -177?
1c7
In base 16, what is 1178ce8 + -2?
1178ce6
In base 14, what is -3984 - 1d9?
-3b7d
In base 7, what is 660 + -1206356?
-1205366
In base 4, what is -11021102002 + -32?
-11021102100
In base 3, what is -22121220221021 - 100022?
-22121221021120
In base 11, what is 5 - 48416a3?
-4841699
In base 14, what is 4 + 30534a?
305350
In base 12, what is 28 + 4068?
4094
In base 6, what is 13310214 - 150?
13310024
In base 4, what is -1211223 - 32212?
-1310101
In base 5, what is -244 - 3243031?
-3243330
In base 4, what is 12322 - 110332232?
-110313310
In base 11, what is 140 + 115405?
115545
In base 2, what is -10001010101000000 - 10100001011100?
-10011110110011100
In base 8, what is 15362 + -5361?
10001
In base 14, what is 525 - -1123?
1648
In base 10, what is 18 + 27521521?
27521539
In base 10, what is 0 + 21680034?
21680034
In base 5, what is 102 + 12123441024?
12123441131
In base 4, what is 121020202022 + -1031?
121020200331
In base 10, what is -3 + 51190064?
51190061
In base 12, what is 883649 - 1b?
88362a
In base 11, what is 11 - -3989964?
3989975
In base 6, what is 14 + -500305?
-500251
In base 14, what is -51b314 + bd?
-51b235
In base 2, what is -1100010001111100000001110 + 1100?
-1100010001111100000000010
In base 16, what is f26 - -27a?
11a0
In base 2, what is -11001011001101001001 + -100?
-11001011001101001101
In base 11, what is 22 + 1a1751?
1a1773
In base 11, what is -718 - -200?
-518
In base 8, what is 270 - 3337737?
-3337447
In base 13, what is 12cc - 288?
1044
In base 6, what is -1 - 52000500?
-52000501
In base 3, what is 210120122201010 - -1?
210120122201011
In base 3, what is -20221111112110 - 10?
-20221111112120
In base 8, what is -36021 + -454?
-36475
In base 6, what is -232 + 331551322?
331551050
In base 6, what is 24323232 - -23?
24323255
In base 3, what is 2101222022 + -112200?
2101102122
In base 13, what is 1c + 4b95bb7?
4b95c06
In base 16, what is 37 + 548117?
54814e
In base 12, what is 199b + -5ba?
13a1
In base 16, what is -623 - -11d02?
116df
In base 3, what is -2211102002021112021 - 10?
-2211102002021112101
In base 14, what is 0 - d272cc?
-d272cc
In base 7, what is 1602626 - 262?
1602334
In base 14, what is -8258c74 - 3?
-8258c77
In base 7, what is 45 + -3153361?
-3153313
In base 4, what is -2 - -32321221023?
32321221021
In base 12, what is 3a135 + 1207?
3b340
In base 14, what is 49a92787 - 1?
49a92786
In base 6, what is 2 - 3453444255?
-3453444253
In base 6, what is -11 + 5244353001?
5244352550
In base 4, what is -101023312313 - 10?
-101023312323
In base 16, what is -5 - 1f0dff?
-1f0e04
In base 3, what is -21200022221 - 1102202?
-21201202200
In base 13, what is 21 + 1a0c4?
1a115
In base 11, what is 133 + -11430a?
-114187
In base 13, what is -3431c2 + -2?
-3431c4
In base 7, what is -4 - 5434250555?
-5434250562
In base 14, what is -20b444 - -1da?
-20b248
In base 6, what is -4325513 - -1511?
-4324002
In base 13, what is c699 - -a8?
c774
In base 13, what is 4 + -27b124?
-27b120
In base 6, what is -5 - 113003132?
-113003141
In base 12, what is 388b + -9a8?
2aa3
In base 8, what is 24210700 - 145?
24210533
In base 9, what is -125 - -15416?
15281
In base 9, what is 4 + -10451624?
-10451620
In base 4, what is -201303233 + -13?
-201303312
In base 10, what is -2 + 4948695?
4948693
In base 10, what is -8698 + 1647?
-7051
In base 6, what is 1 + 2012554550?
2012554551
In base 13, what is 9b44 + -5269?
48a8
In base 10, what is 36203 + 17657?
53860
In base 9, what is 23 + 1246118?
1246142
In base 5, what is 0 - -1401314120?
1401314120
In base 10, what is -377598 + -12?
-377610
In base 4, what is -21313221 - -10033?
-21303122
In base 16, what is -129 - -9d0?
8a7
In base 13, what is -4 - 13cb47?
-13cb4b
In base 13, what is -19112 - -771?
-18671
In base 3, what is -20021022010201022 + 1?
-20021022010201021
In base 9, what is 51 - -3874333?
3874384
In base 11, what is 14 + 131a64a3?
131a6507
In base 13, what is 389aa63 - -2?
389aa65
In base 12, what is -3 + 8435a6?
8435a3
In base 6, what is -402034334 + 12?
-402034322
In base 3, what is -202112102201000 + 0?
-202112102201000
In base 7, what is -4332 - -22035?
14403
In base 11, what is -272a8a + -27?
-273006
In base 8, what is -3 + -2552425?
-2552430
In base 11, what is -232 - 94a?
-1081
In base 15, what is -26 - 22c02b?
-22c052
In base 5, what is 232 + -134341113?
-134340331
In base 8, what is 1 + -236702170?
-236702167
In base 5, what is 404 - -43342210?
43343114
In base 2, what is -1010010101011111 + -10111001100111?
-1101001111000110
In base 4, what is 20100032023 - -10?
20100032033
In base 9, what is -1016530 - 24?
-1016554
In base 4, what is 10320232 - 11212?
10303020
In base 14, what is 12bd - -47735?
48a14
In base 3, what is 1012022 + -12010012?
-10220220
In base 3, what is -10221100022210 - 20221?
-10221100120201
In base 13, what is 1c195 - 366b?
18827
In base 8, what is -1024 - 172750?
-173774
In base 8, what is -1107 - 2323041?
-2324150
In base 12, what is -3811 + 4843?
1032
In base 5, what is 21032034011 - -3?
21032034014
In base 14, what is 443490 + 7?
443497
In base 3, what is 2021 + -110120201012?
-110120121221
In base 12, what is -2 - -1984286b?
19842869
In base 6, what is -2 + 12003443?
12003441
In base 8, what is 367435 - -3770?
373425
In base 11, what is 2077 + 13976?
15a42
In base 12, what is -8a - -32342?
32274
In base 10, what is 101 + 568?
669
In base 7, what is 15336661 - -4?
15336665
In base 11, what is 290296 - 31?
290265
In base 5, what is -42433402 + 4?
-42433343
In base 4, what is 323211122 + 11?
323211133
In base 13, what is ab8 + 73996?
74781
In base 4, what is -2 - -200200312300?
200200312232
In base 2, what is -10110100110 - 11001010000?
-101111110110
In base 14, what is 5 + 1c139445?
1c13944a
In base 12, what is -5 + 484a3?
4849a
In base 16, what is ae2e8fe + 1?
ae2e8ff
In base 13, what is -2 - -10417038?
10417036
In base 14, what is 2a4 + -3c7d9?
-3c535
In base 13, what is 17776c - 2a7?
177495
In base 16, what is 118 - -12a42f?
12a547
In base 9, what is 407042 - -155?
407207
In base 9, what is -752 + 327247?
326385
In base 5, what is 111223 + -3104?
103114
In base 11, what is -437 - -a7998?
a7561
In base 16, what is 10af1464 + -5?
10af145f
In base 8, what is 1650 + 26441?
30311
In base 4, what is -101220102 - -31?
-101220011
In base 9, what is 0 - 41683742?
-41683742
In base 2, what is 11000010111100010000010 + 10?
11000010111100010000100
In base 2, what is 100 + 100110000000111100011?
100110000000111100111
In base 3, what is 100121 + 10211012?
11011210
In base 14, what is -3715c - 677?
-377d5
In base 13, what is -b1a742a1 - 0?
-b1a742a1
In base 11, what is -1447 - -1014?
-433
In base 13, what is 51ca3 - -385?
52358
In base 5, what is -212201 + 3403?
-203243
I